hat is -1 - 0 - (-7 - (2 - 5))?
3
-1 + 5 - (-8 + 17)
-5
Calculate -5 - -3 - (-4 - -4).
-2
What is the value of 2 - 3 - (1 + 2)?
-4
What is 12 - (-9 + (31 - 1))?
-9
What is the value of 10 - (4 - (-4 + -1))?
1
What is 3 + 1 + -9 + 7 + 7?
9
-4 + 3 + -1 - 4
-6
Evaluate -3 + 6 - (-4 - -2).
5
1 - ((4 - 0) + (26 - 27))
-2
Evaluate -6 - (3 + -10 + 2).
-1
What is (-2 - -1) + -2 - (4 + -2)?
-5
Calculate 4 + -2 + -9 + 5.
-2
Calculate 3 - (2 + (8 - 8)).
1
-4 + 0 - (-14 + 13)
-3
-2 + (-2 - -2) + 0 - -2
0
Evaluate 8 + -11 - -2 - 4.
-5
Evaluate 19 - 12 - (1 + -1).
7
What is -3 + 15 - (-7 + 16)?
3
10 + -16 - -7 - (7 - 4)
-2
-2 + (-13 - -4 - -8)
-3
What is 2 - (2 - -2) - (0 - -2)?
-4
(8 + -6 - -1) + -6
-3
Calculate 0 + -22 - -16 - (3 - 0).
-9
-9 + 1 - (-24 + 15) - 6
-5
What is the value of (5 - -2 - -1) + -5?
3
Calculate -7 + ((-6 - -9) + -9 - -13).
0
Calculate 2 - 3 - (-16 - -17).
-2
-5 + -1 + 40 + -31
3
Evaluate (6 + -4 - 3) + 7 + -4.
2
What is -3 - -4 - (2 + (4 - 0))?
-5
Calculate -4 - (8 - (14 - 6)).
-4
Evaluate 9 - (0 + 1) - (3 - 1).
6
0 + ((-3 - 1) + 3 - 1)
-2
Evaluate -3 + -4 + (2 - -1).
-4
Calculate -27 + 26 - ((1 - 6) + -2).
6
5 - (-1 - (-13 + 9))
2
Calculate 4 + (8 - 5) + -13.
-6
What is 11 + (2 - 2 - (-9 - -12))?
8
What is (-20 - -26) + -7 + -1?
-2
Evaluate 3 + -7 + (-9 - -23).
10
Evaluate (1 + -2 - (-4 - -1)) + 3.
5
Calculate 2 + (3 - (-2 - -2)).
5
0 + (-1 - -4 - 2)
1
Calculate -6 + 7 + 4 - 6.
-1
What is 9 + -13 + 14 + -6?
4
7 + -7 + (0 - -3)
3
-3 - (-1 - ((1 - -2) + -6))
-5
What is the value of (0 - (-3 + 0)) + -9 + 4?
-2
What is the value of -3 - (-3 + 1 + -5)?
4
Evaluate -1 - (0 + 2) - -2 - -3.
2
What is 2 + -2 - (-8 + 11)?
-3
Calculate -5 - (-5 + 1 - 5).
4
What is the value of -6 + 2 - (2 + -14 + 4)?
4
Calculate 7 + (-1 - 3) + (1 - 1).
3
What is -3 + 0 + 2 + -2 + -2?
-5
1 + 1 + 2 + -11 - -3
-4
What is the value of -10 - -17 - (1 - 5 - -5)?
6
3 + (13 - 10) + (1 - 2)
5
What is (-4 + 3 - -2 - 1) + -2?
-2
-1 - (6 - (-6 - -11))
-2
What is 1 - (-1 - -1) - -4?
5
0 + (10 - 3) + -5
2
What is -2 + (-3 - 0) + 5?
0
Evaluate (-2 - -5) + 5 + -7.
1
Calculate -13 + 8 + -7 + 17.
5
Evaluate 7 - (5 + -14) - 14.
2
What is -16 + 10 + (5 - 7)?
-8
Evaluate -1 + -8 + (9 - (-4 - -11)).
-7
Calculate (-10 - -13) + 6 + -1 + -3.
5
(94 - 103) + (1 - (-1 + -4))
-3
Evaluate 6 + -3 - (39 + -30).
-6
What is the value of -10 - (-4 - (1 - 1))?
-6
What is (-13 - -7) + 0 + 11?
5
Evaluate -17 + (-1 - -4) + 7.
-7
4 + 0 + (-1 - (-3 - -4))
2
What is 6 + 1 + -7 + (-3 - 0)?
-3
What is the value of 7 + -1 + -1 + 0 + 0?
5
Evaluate 15 - 6 - (2 + (-3 - -7)).
3
Calculate 0 - (0 + -4) - (-6 + 4).
6
What is the value of 6 - 14 - -12 - (1 - -1)?
2
What is -7 + 18 + (8 - 17)?
2
Evaluate (28 - 17) + 5 + -14.
2
Calculate -4 - (-4 + 6 - (8 - 2)).
0
What is (-2 - -7 - (1 - -2)) + -2?
0
Evaluate -5 + (8 - 5) - -4.
2
3 + (29 - 31 - (0 + -2))
3
-6 + 0 - (12 - 21)
3
-18 + 25 + -1 + 2
8
-5 - (5 - (-7 - (-11 - -2)))
-8
What is the value of 0 + -13 + (6 - (3 - 5))?
-5
What is the value of 1 - (-1 + 2 + 3)?
-3
What is -14 + 13 + (-7 - (-1 + -3))?
-4
Evaluate 1 - (0 + 1 - (8 + -3)).
5
Evaluate 5 + -1 + (-20 - -19).
3
What is the value of -9 - -3 - (-3 + -7)?
4
Calculate 0 + (-5 - (1 + -2) - -5).
1
Evaluate 8 + 0 + 0 + -3.
5
What is (1 - 4) + 9 + -8?
-2
What is the value of (8 - 5 - 7) + 0 + 1?
-3
Calculate (2 - (-1 + 0)) + -247 + 248.
4
Calculate -1 + 1 - (11 + -11).
0
What is -5 + 8 + 6 + -4?
5
3 - (-8 + -2 + 7)
6
Calculate 2 + (3 - (4 + -2)) + 0.
3
What is the value of -8 - (-5 + 0 + 4 + -2)?
-5
Calculate 7 + -3 + 0 + 0 + -7.
-3
-21 + 17 - (-3 + (4 - -1))
-6
What is the value of 4 - (-1 - -1 - (1 - 4))?
1
Calculate -3 - 0 - (-6 - (0 + -3)).
0
11 + (-1 - 1) + -6 - 4
-1
Evaluate -1 - (-4 + 2 + 3) - 2.
-4
-10 - (-1 - (5 + -1))
-5
Evaluate -9 + -5 + -1 + 1 + 9.
-5
Calculate (13 - 11) + (-12 - -7 - -7).
4
Calculate (-10 - -3) + 14 - 2.
5
What is -7 + 6 + 9 + 0?
8
1 - (-4 - 8 - -6) - 0
7
What is (-3 - -1) + -35 + 40 - -6?
9
Evaluate (-3 - (-14 - -6)) + (-6 - 1).
-2
What is the value of 14 + 6 + -21 + 0?
-1
3 + 8 + (4 - 8)
7
Evaluate 7 - (3 - 0) - 1.
3
What is 6 - 6 - (1 - 2)?
1
What is the value of 8 - (7 - (2 + 3))?
6
-21 - -17 - (5 + -1 + -2)
-6
What is 3 + 4 + -5 - 0?
2
What is the value of 3 - (3 + -1 + 3)?
-2
What is the value of 3 + (-2 - -1) - (-1 + 0)?
3
Calculate -2 + -2 - (-19 + 12 - -8).
-5
Calculate (7 - (-4 + 15)) + 7.
3
Calculate 3 + (12 - 16) + (-3 - -1).
-3
What is the value of (-2 - (-2 - 4)) + (-12 - -4)?
-4
Evaluate 5 + -4 - (12 + -4 + -2).
-5
Evaluate 6 + -3 + 0 - 1.
2
Calculate -4 + 3 - -11 - 3.
7
4 - (-1 - (2 + -7))
0
What is the value of 2 + -9 + 11 + -13?
-9
-21 + 21 + 5 + -2
3
What is -6 - ((1 - 1 - -3) + -6)?
-3
What is the value of 13 - (5 - (0 - 4))?
4
Calculate -9 + (2 - 3 - -5).
-5
What is (4 - -10) + -23 - -5?
-4
What is 3 - 4 - (-1 + 5)?
-5
What is 9 + 0 - (-9 + 13)?
5
What is -15 + 23 + (-3 - 2)?
3
What is -6 + -6 + 3 + (7 - 3)?
-5
Evaluate -8 - ((1 - -7) + (-4 - 6)).
-6
Evaluate 0 + (-5 - (-5 + 2)).
-2
What is 20 + -6 - 22 - (2 - 9)?
-1
4 + 4 + -6 + 6 - 3
5
What is the value of 1 - 5 - (-1 + 0) - -4?
1
What is -4 - 2 - (-2 - -2) - -4?
-2
What is -3 - 3 - (6 + (0 - 7))?
-5
-6 - (0 - (-3 + 9) - -3)
-3
Evaluate (0 - (5 - 4)) + 5.
4
What is the value of 0 + -1 - (4 + -4 + 4)?
-5
Evaluate 3 - (4 - (-4 - (-3 - -2))).
-4
6 + -10 + (17 - 5)
8
Evaluate -6 + -4 + 14 - -5.
9
5 - (7 + -5 + 7) - 2
-6
Calculate 4 + 3 + -4 + -3 - 5.
-5
(4 - -1) + (-7 - -5) + -3
0
Calculate 6 + -13 + 7 + -5.
-5
2 - (-8 + 4 - -5)
1
1 + -1 + 16 + -33 + 15
-2
Evaluate (-7 - -7 - (-2 + 1)) + 6.
7
What is (1 - (0 + 3)) + -182 + 179?
-5
Evaluate 14 + -10 + (1 - -2).
7
Calculate 5 + -13 + (5 - (-2 + 6)).
-7
What is -8 - -7 - 0 - -1?
0
What is -2 + -2 + 36 + -33 + -2?
-3
Evaluate -5 + (-2 + 5 - -6).
4
What is (3 - -10 - 8) + -12?
-7
Calculate 10 - (1 - -2) - (3 + 1).
3
Evaluate 2 + -1 + -3 + 5.
3
-17 - -12 - (-1 + 0)
-4
Evaluate -1 - -1 - 3 - (-19 - -15).
1
What is the value of 18 + -24 - (-10 + (1 - 2))?
5
What is the value of -5 + -3 + -1 + 4?
-5
What is -1 + (-4 - (-2 - -1)) + 0?
-4
Evaluate 8 + (2 - (0 + 8)) + 1.
3
Evaluate (9 - 0) + -2 + -13 + 10.
4
What is the value of 35 + -33 + (-2 - 1)?
-1
What is the value of -2 + 1 + 5 + -6?
-2
What is the value of 5 + -1 - (6 + -4)?
2
What is the value of (14 - 4) + (12 - 23)?
-1
Calculate 3 + 0 + (1 + -1 - 4).
-1
What is 3 + -1 + 0 + -2 + 0?
0
-3 + -6 + 7 + 6
4
-6 - (-6 - 1 - 5)
6
Evaluate (14 - 9) + (-4 - 1).
0
What is -1 + 0 + 2 + -2 + 5?
4
-12 - -19 - (9 + 2)
-4
Calculate 1 - 3 - ((20 - 14) + -2).
-6
What is 15 + -7 + 4 + -11 - 2?
-1
What is 0 + (2 - 4) - (4 - 2)?
-4
What is 3 + 0 + (2 - (2 - -8))?
-5
Calculate (0 - 6) + (-2 - -14).
6
(-1 - (-11 - -3)) + 0
7
Calculate 4 - (11 + -6 - (-3 + 2)).
-2
7 + -7 + (5 - 3)
2
Calculate -3 + 0 + 7 + 0.
4
Evaluate -1 + 6 - (9 + -11 + 7).
0
Calculate -6 - (-4 - (1 + -4)).
-5
What is the value of (3 - 3) + (3 - -1) - 4?
0
What is -4 + 4 - -3 - -3?
6
Evaluate (-2 - -2) + -1 + -3 - 0.
-4
Calculate -7 + (-5 - -4) + 4.
-4
-3 - -10 - (13 + -16)
10
What is the value of (2 + 4 - 3) + -7?
-4
What is 6 + -1 - (-6 - -7)?
4
What is the value of (-1 + -1 - 0) + 8?
6
Calculate -11 + 3 - (0 + -5).
-3
Calculate -3 - (-13 + -3 + 9).
4
Evaluate 7 - 4 - 9 - -7.
1
What is 2 + 2 + (19 - (5 + 20))?
-2
3 - (0 + 0 - 2)
5
What is -74 - -70 - (0 - (0 + 0))?
-4
What is the value of 0 + 8 + (-15 - -4)?
-3
0 + (-4 - (1 - (4 - 5)))
-6
What is (-3 - 0) + -2 + 2?
-3
6 + -1 - (-6 - -5 - -5)
1
Calculate -3 - -1 - (3 - (13 - 4)).
4
What is (0 + 2 - -5) + -2 - 7?
-2
What is the value of (4 - 6) + -5 + 3?
-4
-15 - (-21 + 25 + -13)
-6
Evaluate -6 - (-3 + -11 + (-4 - -10)).
2
What is the value of 1 + 2 - (5 - (-2 + -1))?
-5
Evaluate 3 - (2 + (2 - (-1 - -3))).
1
Calculate (8 + -8 - 0) + 0.
0
Calculate 2 + (3 - 5) - 3.
-3
Calculate 6 - 8 - (-2 + 1) - 1.
-2
What is 1 - (4 + -3) - (-4 - -5)?
-1
Evaluate (3 - 1) + -3 + (-10 - -12).
1
What is 0 + (-1 + 9 - 5)?
3
What is the value of -1 + 2 - (6 - 3)?
-2
What is (1 + -3 - -3) + (10 - 17)?
-6
(-8 - 1) + -4 + 7
-6
Calculate (3 - 4 - 3) + (8 - 0).
4
5 + -6 - -2 - 5
-4
Evaluate (-3 + 2 - -9) + 73 + -71.
10
What is the value of -4 + 0 - (-3 + 1 + 1)?
-3
Evaluate -16 + 12 + (4 - (3 + 0)).
-3
3 + -5 - (-12 + 6)
4
51 + -48 + -6 + 1